?
True
Is 180 a factor of 211225613?
False
Does 476 divide 15620416?
True
Is 436280508 a multiple of 662?
True
Is 53 a factor of 18879713?
True
Is 1135468290 a multiple of 318?
True
Is 19289270 a multiple of 1001?
True
Is 210 a factor of 38716238?
False
Does 244 divide 29175812?
True
Does 2950 divide 52583750?
True
Is 1068 a factor of 127655904?
True
Is 64 a factor of 52075499?
False
Does 39 divide 2084121?
True
Does 10444 divide 3308794972?
True
Is 83452620 a multiple of 15?
True
Does 388 divide 69908288?
True
Does 17 divide 75272592?
False
Is 839072715 a multiple of 3?
True
Is 26175374 a multiple of 160?
False
Is 2643 a factor of 215826237?
False
Is 168813750 a multiple of 1526?
True
Does 46 divide 2008815906?
True
Is 187 a factor of 139046507?
False
Is 1131899778 a multiple of 23?
False
Is 493272010 a multiple of 77?
True
Is 69742070 a multiple of 141?
False
Does 77 divide 6871695?
False
Is 1055698267 a multiple of 13?
True
Is 838629217 a multiple of 1962?
False
Is 63805050 a multiple of 54?
True
Is 1071478080 a multiple of 240?
True
Does 153 divide 59965108?
False
Is 1013994110 a multiple of 389?
False
Is 30 a factor of 643092395?
False
Is 420897984 a multiple of 2496?
True
Is 3908197 a multiple of 570?
False
Is 51 a factor of 548769938?
False
Does 305 divide 46507925?
True
Is 164 a factor of 10162260?
True
Is 1751 a factor of 85747797?
False
Does 460 divide 10235920?
True
Is 115494960 a multiple of 3920?
True
Is 441255991 a multiple of 5297?
True
Does 50 divide 572736300?
True
Is 19614042 a multiple of 171?
True
Is 806435920 a multiple of 607?
True
Is 390 a factor of 218208185?
False
Is 401608003 a multiple of 61?
False
Does 10 divide 21151013?
False
Is 307897620 a multiple of 60?
True
Does 11 divide 229925529?
False
Is 35921256 a multiple of 73?
True
Is 26086095 a multiple of 7?
True
Is 262 a factor of 4184569942?
True
Is 1242599006 a multiple of 974?
True
Is 75 a factor of 7243139?
False
Is 20 a factor of 284935691?
False
Does 32 divide 428778576?
False
Is 350353716 a multiple of 51?
False
Is 5 a factor of 812790?
True
Is 386255 a multiple of 1424?
False
Is 498 a factor of 11556588?
True
Is 28 a factor of 3121629265?
False
Is 25375176 a multiple of 9?
True
Is 816498842 a multiple of 12?
False
Is 204 a factor of 7964364?
True
Does 28 divide 692903081?
False
Does 4 divide 190677037?
False
Is 1720 a factor of 69097560?
True
Is 184983975 a multiple of 5?
True
Is 13 a factor of 24483433?
True
Is 41011174 a multiple of 247?
False
Does 4 divide 3521898?
False
Does 6 divide 9554208?
True
Is 48 a factor of 19366426?
False
Does 667 divide 76689291?
False
Does 779 divide 28987189?
False
Is 39104685 a multiple of 203?
False
Is 32444560 a multiple of 80?
True
Is 4250 a factor of 116199250?
True
Does 147 divide 15121890?
True
Does 1881 divide 1920501?
True
Is 34734114 a multiple of 191?
True
Is 12 a factor of 7408800?
True
Does 2 divide 18339944?
True
Is 350825159 a multiple of 24?
False
Is 52646992 a multiple of 134?
True
Is 139 a factor of 98771205?
False
Is 4756515 a multiple of 69?
True
Is 26 a factor of 6964698?
True
Does 1158 divide 42432594?
True
Is 175 a factor of 15790043?
False
Is 1831370004 a multiple of 2151?
True
Does 16 divide 1181468400?
True
Is 460510068 a multiple of 866?
False
Is 22139325 a multiple of 435?
True
Is 920 a factor of 79719170?
False
Is 3266 a factor of 449382004?
True
Is 226172917 a multiple of 694?
False
Is 7725116 a multiple of 14?
True
Does 52 divide 826303795?
False
Does 240 divide 389435280?
True
Is 781 a factor of 9864030?
True
Is 157 a factor of 29261660?
True
Is 8615708 a multiple of 3266?
True
Is 97 a factor of 853298304?
False
Is 162030672 a multiple of 816?
True
Is 1228 a factor of 47099940?
True
Does 1863 divide 85522878?
True
Is 53403448 a multiple of 12?
False
Does 7 divide 61493663?
True
Is 419 a factor of 751186277?
False
Does 50 divide 364833179?
False
Is 22838432 even?
True
Is 299182675 a multiple of 25?
True
Does 209 divide 15271003?
True
Is 5867335 a multiple of 15?
False
Is 877747112 a multiple of 8399?
False
Is 40 a factor of 40141440?
True
Does 1663 divide 120287017?
False
Is 415932104 a multiple of 1883?
True
Is 239 a factor of 90126591?
False
Is 138 a factor of 62432166?
True
Is 525582 a multiple of 27?
True
Is 28 a factor of 587375964?
True
Is 579280164 a multiple of 2193?
False
Is 195242196 a multiple of 1115?
False
Is 4628 a factor of 994969092?
True
Is 8933443 a multiple of 508?
False
Is 3464 a factor of 882178559?
False
Does 1277 divide 1595716225?
False
Is 126 a factor of 248295600?
True
Is 2550810241 a multiple of 2260?
False
Does 3 divide 8567607?
True
Does 125 divide 4062672213?
False
Is 115984752 a multiple of 12?
True
Is 23501860 a multiple of 95?
True
Is 20 a factor of 1296263680?
True
Is 34 a factor of 3856178?
True
Is 152391267 a multiple of 171?
True
Does 9 divide 1342039752?
True
Is 676 a factor of 566272901?
False
Is 2606126735 a multiple of 235?
True
Does 381 divide 1005053616?
True
Is 182985721 a multiple of 483?
False
Is 1396237272 a multiple of 93?
True
Does 5604 divide 458622153?
False
Does 28 divide 1062964?
True
Does 42 divide 6743982?
True
Does 238 divide 282404136?
True
Does 282 divide 2999575005?
False
Does 1135 divide 70690109?
False
Does 12 divide 111532305?
False
Is 1048 a factor of 14058507?
False
Does 2027 divide 35669926?
False
Does 1263 divide 1267152029?
False
Is 2905 a factor of 58556085?
True
Is 986281344 a multiple of 48?
True
Does 15 divide 204757068?
False
Is 8 a factor of 581138176?
True
Does 453 divide 112830150?
False
Does 705 divide 739610421?
False
Does 127 divide 165596443?
True
Is 313501960 a multiple of 807?
False
Is 10945823 a multiple of 9?
False
Is 4 a factor of 72503947?
False
Is 422 a factor of 9008948?
False
Does 3 divide 1878961?
False
Is 114 a factor of 955397292?
True
Does 18 divide 72250870?
False
Does 48 divide 416530224?
True
Is 49325892 a multiple of 161?
True
Does 63 divide 437334881?
False
Is 3 a factor of 1403529?
True
Does 49 divide 1491129?
False
Is 53087366 a multiple of 1156?
False
Is 16 a factor of 5116016?
True
Does 207 divide 513774?
True
Is 10960920 a multiple of 199?
True
Is 837 a factor of 372474785?
False
Does 138 divide 1730976780?
True
Is 12021856 a multiple of 1312?
True
Is 270158988 a multiple of 96?
False
Is 514952356 a multiple of 7?
False
Does 393 divide 2847106652?
False
Does 7 divide 460771500?
True
Does 21 divide 265246716?
True
Is 957 a factor of 32692570?
False
Does 6265 divide 886406559?
False
Does 28 divide 18524716?
True
Does 327 divide 134964999?
True
Is 2337 a factor of 590478105?
True
Is 31352549 a multiple of 6?
False
Does 2587 divide 522793895?
True
Is 21 a factor of 4076032?
False
Is 3718 a factor of 309973378?
True
Does 68 divide 27440992?
True
Does 41 divide 688158860?
False
Is 1529 a factor of 129840449?
False
Is 482 a factor of 84032594?
False
Is 15 a factor of 1205125847?
False
Is 6893 a factor of 2415274741?
False
Is 26839530 a multiple of 5?
True
Is 43 a factor of 38905411?
True
Is 10276 a factor of 838488976?
False
Is 93 a factor of 367749573?
False
Does 292 divide 1371881047?
False
Does 10 divide 111723400?
True
Does 1613 divide 36991053?
False
Does 6 divide 18771375?
False
Is 1719 a factor of 891302896?
False
Is 31 a factor of 1257663?
False
Is 260 a factor of 514563400?
True
Is 66 a factor of 76881888?
False
Is 2193649320 a multiple of 2428?
False
Is 55364096 a multiple of 512?
True
Does 22 divide 42655206?
True
Does 3426 divide 163735392?
True
Does 526 divide 245053797?
False
Is 29186183 a multiple of 923?
True
Is 14 a factor of 93093149?
False
Is 530673147 a multiple of 522?
False
Does 235 divide 121954895?
True
Does 453 divide 4427546349?
True
Is 920 a factor of 514362157?
False
Is 394206 a multiple of 3?
True
Does 4 divide 80641924?
True
Does 1583 divide 22386786?
True
Is 44923364 a multiple of 1175?
False
Is 614 a factor of 934681655?
False
Is 147631112 a multiple of 23?
True
Does 13 divide 365019488?
False
Is 15 a factor of 16856131?
False
Is 183 a factor of 262846167?
False
Does 7 divide 308290584?
True
Is 202129408 a multiple of 2704?
True
Is 6251157 a multiple of 99?
True
Is 674 a factor of 366457844?
True
Is 181 a factor of 179368828?
True
Is 599931506 a multiple of 139?
Tru